s of h.
43
Let t = 71 - 44. List the prime factors of 1*t/(-6)*(0 + -18).
3
Let k = -21 - -21. Suppose k = 3*m - m - 4. Suppose 3*q + m*r = 62, 4*q + 5*r + 0*r - 71 = 0. List the prime factors of q.
2, 3
Let l(v) = -14*v - 2. Let h = -13 - -11. Let a be l(h). Let c = -12 + a. What are the prime factors of c?
2, 7
Let v(l) = 58*l + 50. List the prime factors of v(6).
2, 199
Let r be 1 + 19/3 - 27/81. Suppose -r*g = -g - 648. What are the prime factors of g?
2, 3
Let a(s) = -s**3 - 6*s**2 - 2*s + 1. Let c be a(-2). Let b(x) = -2*x**3 + 3*x**2 - 2*x + 2. Let z be b(3). Let f = c - z. List the prime factors of f.
2, 5
Suppose 3*v = -7 + 16. Suppose -4*s + 120 = 3*c, -v*s + 90 = c - 5*c. What are the prime factors of s?
2, 3, 5
Let b(j) = -j**2 + 6*j - 1. Let n be b(6). Let p be -15 - n - (-1 - 0). Let s = 5 - p. What are the prime factors of s?
2, 3
Suppose -26*q + 86 = -24*q + 4*h, 0 = 4*h + 4. What are the prime factors of q?
3, 5
Let k = 18 - 14. Suppose -k*w + 4*v = -156, 5*v = 7*w - 3*w - 156. Suppose -5*f = -2*f - w. List the prime factors of f.
13
Let g(l) = 75*l + 149. What are the prime factors of g(5)?
2, 131
Suppose -t + 4*f = -4, -t = -5*f - 5 + 1. Suppose -t*j = -5*m - 27, -j + 9 = 2*m - m. List the prime factors of j.
2
Let l be ((-2)/(-6))/((-1)/(-69)). Let t = l - 20. Suppose -2*o = t*o - 15, -4*s = -4*o - 76. What are the prime factors of s?
2, 11
Let t = -291 - -717. Suppose -z + t = 179. List the prime factors of z.
13, 19
Suppose 15*s - 17*s = -620. What are the prime factors of s?
2, 5, 31
Let c(y) = 72*y**3 + 3*y**2 - 1. Let w be c(-1). Let f = -45 - w. What are the prime factors of f?
5
Let n be 5/2 + 2831/38. Let p be (3 + 0)/(6/(-92)). Let x = n + p. List the prime factors of x.
31
What are the prime factors of 12 + 1917 + (-4 - -3 - -2)?
2, 5, 193
Let l(c) = -2*c - 9. Let q be l(14). What are the prime factors of (q/(-3))/(-1 - (-8)/6)?
37
Let i(n) = -31*n + 75. Let g be i(7). What are the prime factors of (0 + 1)*-3 - (5 + g)?
2, 67
Suppose -14*b - 7635 = -58007. List the prime factors of b.
2, 7, 257
Let z = 328 + 150. What are the prime factors of z?
2, 239
Let g be (1 - 0) + 1*(2 + 1). Let w(z) = 7*z**2 - 4*z + 10. List the prime factors of w(g).
2, 53
Suppose -12*z + 52 = z. Suppose 5*s = 2*y - 264, -z*s = -y - y + 260. List the prime factors of y.
2, 61
Let h(y) be the third derivative of 0 - 1/6*y**3 + 2/5*y**5 + 0*y**4 + 0*y + 5*y**2. What are the prime factors of h(-1)?
23
Let n be 0 - (-2 + -1)/3. Let x(t) = -n + 6 + 1 - 5*t - 3. List the prime factors of x(-3).
2, 3
Suppose 0 = 13*m - 22*m + 1350. List the prime factors of m.
2, 3, 5
Let b be (-4)/(-5)*15/6. Let q be 16/4 + b - 2. Suppose -59 + 211 = q*i. What are the prime factors of i?
2, 19
Let x = -11 - -9. Let s be (x + 2)/((-3)/(-3)). Suppose s = -5*z + 37 + 78. What are the prime factors of z?
23
Suppose -h + 1483 = i, 5*i + 1648 = 2*h - 1332. What are the prime factors of h?
3, 5, 11
Let n(f) = 21*f**3 - f**2 + 24*f - 59. What are the prime factors of n(5)?
3, 887
Let c be (2 + -5)/((-9)/21). Suppose -c*z + 672 = -z. Let y = -67 + z. List the prime factors of y.
3, 5
Let y(b) be the first derivative of b**3/3 - 2*b**2 - 14*b + 16. List the prime factors of y(9).
31
Let v be (0/(-2))/((-9)/(-9)). Suppose v = -y - 4*y + 60. List the prime factors of y/30 + 223/5.
3, 5
Let z = -271 + 422. List the prime factors of z.
151
Suppose 3*o + 0 = 6. Suppose 2 = -r + 2*g + 2*g, -o = -r + 2*g. What are the prime factors of r?
2, 3
Let s(o) = o**3 - 4*o**2 + 4*o - 3. Let j be s(2). Let d = -209 + 374. What are the prime factors of d/10 - j/(-2)?
3, 5
Let g(s) = 3*s**2 + 2*s - 221. List the prime factors of g(-21).
2, 5, 53
List the prime factors of (-3 - 48/(-15)) + 41392/65.
7, 13
Suppose 34 + 30 = 8*u. Let q(t) = t**3 - 5*t**2 - 10*t - 10. List the prime factors of q(u).
2, 3, 17
Let k(z) = z - 130. Let i be k(0). Let l = -187 - i. Let u = -24 - l. What are the prime factors of u?
3, 11
Suppose -a + 3*w + 44 = 7*w, -4*a = -w - 193. Suppose -c - 12 = a. Let t = 85 + c. List the prime factors of t.
5
Suppose 0 = -o - 0*o + 6. Let l be 30 - (25/(-5) + 3). Suppose -v - o = -l. List the prime factors of v.
2, 13
Let v = -25 + -37. Let z = v + 88. List the prime factors of z.
2, 13
Suppose -6*r + 6556 = -1178. List the prime factors of r.
1289
Suppose 0 = 7*l - 22*l + 4545. List the prime factors of l.
3, 101
Suppose -8*k = -f - 3*k + 85, 3*f = 5*k + 225. Let w = f + -4. List the prime factors of w.
2, 3, 11
Suppose -166 = 4*r - 482. Let l(u) = 48*u + 138. Let m be l(-4). Let d = r + m. What are the prime factors of d?
5
Let t(l) = -3*l - 1. Let q be t(-1). Suppose 3*p - 30 = -q*p. Suppose -p*k + 30 = -k. List the prime factors of k.
2, 3
Suppose o = 91 + 104. What are the prime factors of o?
3, 5, 13
Let q(x) = 4*x - 25. Let b(f) = -4*f**2 - 5*f - 4. Let g(j) = -7*j**2 - 9*j - 8. Let n(d) = -11*b(d) + 6*g(d). Let l be n(-3). List the prime factors of q(l).
19
Let g be ((-14)/4)/((-3)/6). Suppose -g*c + 2*c = 0. Suppose c = 2*p + 2, -5*a + 4*p = -17 - 87. What are the prime factors of a?
2, 5
List the prime factors of (-17768)/(-56) + (10/7)/(-5).
317
Suppose 97 + 59 = -t. Let n = 226 + t. What are the prime factors of n?
2, 5, 7
Suppose -4*g + 6*n = 4*n + 2, 0 = -5*g - 3*n - 19. Let a be 33 - 12 - g/2. Suppose -2*t = -a - 22. List the prime factors of t.
2, 11
Let o be (-1 + 5)*6/(-8). Let g = 16 + -19. What are the prime factors of 6 - (g - (-3)/o)?
2, 5
Let r(h) be the first derivative of 1/2*h**2 + 4/3*h**3 - 1/4*h**4 + 5 + 0*h. List the prime factors of r(3).
2, 3
Let l(a) = -a - 39. Let s be l(-15). List the prime factors of 8/(-3)*(414/s - -3).
2, 19
What are the prime factors of (1/(2/29))/(1/70)?
5, 7, 29
Let u(j) = -23*j**2 - j**3 - 28*j**2 + j + 62*j**2 - 6. List the prime factors of u(11).
5
Let x be 0*((-2)/2)/(-3 + 4). Suppose x = 4*p - 3 - 21. What are the prime factors of p?
2, 3
Suppose c - 5*t = -21, 4*c - 5*t = -42 - 27. List the prime factors of (2*(-14)/c)/((-1)/(-72)).
2, 3, 7
List the prime factors of (-464 + (-3)/(-3))/(9/(-9)).
463
Suppose -12*q + 2*o + 68 = -10*q, -170 = -5*q - 3*o. Suppose 0 = -q*x + 36*x - 258. What are the prime factors of x?
3, 43
Suppose k - 444 = -l, 0 = 3*l + l + 2*k - 1776. Let s be l/(-9)*(-3)/2. Suppose 3*g = 3*o + 2*g - s, -8 = -2*g. What are the prime factors of o?
2, 13
What are the prime factors of (-8)/(-20) - (-1163)/5?
233
List the prime factors of (3*3/(-6))/((-6)/9852).
3, 821
Let a(q) = -q + 1. Let w be a(-2). Suppose 3*v - d - 1 = 6, -3*v = -4*d + 8. What are the prime factors of v*2 - (7 - w)?
2
Let b be 1*1/(-5)*0. List the prime factors of 0 - (5 + b) - -103.
2, 7
List the prime factors of -9 - (1 - 1542/2).
761
Let t be (13/(-2))/((-6)/(17 + -5)). Suppose -150 = 7*q - t*q. What are the prime factors of q?
5
Let f(s) = -7*s + 7. Let n be f(-7). Suppose -27*u + n = -23*u. Suppose 0 = -5*y - 15, 0 = -d - 5*y - u + 6. List the prime factors of d.
7
Let h = -18 - -2. Let z = h - -23. Suppose -2*v = -z*v + 315. What are the prime factors of v?
3, 7
Let s(f) = 8*f**2 - 14*f + 33. Let i(a) = -a**3 + 3*a + 4. Let m be i(-2). List the prime factors of s(m).
3, 79
Let t be (-1 - -1) + (-6)/4*2. What are the prime factors of t + ((-5)/(-1))/((-4)/(-92))?
2, 7
Let a = -484 - -18. Let y = 23 + -13. What are the prime factors of (-8)/(-20) - a/y?
47
Let p(s) = 9*s - 2. Suppose 13*d - 14*d + 2 = 0. Let j be p(d). Suppose -4*z + j + 16 = 0. List the prime factors of z.
2
Let w(x) = x**2 - 11*x - 3. Let l be w(11). List the prime factors of (-560)/(-42) - 2/l.
2, 7
Suppose 0 = 36*k - 24*k - 1008. What are the prime factors of k?
2, 3, 7
Let b = 50 + -46. Suppose -b*n - 4*o + 172 = 0, -3*o = -n + 15 + 16. What are the prime factors of n?
2, 5
Suppose -26*c + 10456 = -4832. List the prime factors of c.
2, 3, 7
List the prime factors of (-186)/(-217) + (-13848)/(-14).
2, 3, 5, 11
Suppose -35*h + 59*h - 14880 = 0. What are the prime factors of h?
2, 5, 31
Suppose y = -5*w + 1373, -2*w = -0*w + 2*y - 546. Let p = w + -63. List the prime factors of p.
2, 53
Suppose 2*v + 0*l = 3*l + 16, 2*l = -2*v - 4. Suppose 0 = -g - v*g + 12, 169 = 3*y + g. List the prime factors of y.
5, 11
Let b = 476 + -106. List the prime factors of